{"id":3649,"date":"2020-08-09T11:30:57","date_gmt":"2020-08-09T10:30:57","guid":{"rendered":"https:\/\/jnegre.com\/aviso-legal\/"},"modified":"2025-09-17T13:04:16","modified_gmt":"2025-09-17T12:04:16","slug":"aviso-legal","status":"publish","type":"page","link":"https:\/\/jnegre.com\/ca\/aviso-legal\/","title":{"rendered":"Aviso legal"},"content":{"rendered":"\n<p><strong>Por el Real Decreto-Ley 5\/2018 de 27 de Julio, de medidas urgentes para la adaptaci\u00f3n del Derecho espa\u00f1ol a la normativa de la Uni\u00f3n Europea en materia de protecci\u00f3n de datos, de acuerdo con lo establecido en el Reglamento General de Protecci\u00f3n de Datos (UE) 2016\/679 del Parlamento Europeo y del Consejo de 27 de abril de 2016, y por la LOPD 3\/2018 de 5 de diciembre, y garant\u00eda de los derechos digitales, le informamos que sus datos ser\u00e1n tratados con la finalidad de realizar las gesti\u00f3nes ofertadas por J. Negre C., S.L<\/strong><\/p>\n\n\n\n<p>La utilizaci\u00f3n de esta publicaci\u00f3n digital implica la aceptaci\u00f3n de las siguientes condiciones de uso:<\/p>\n\n\n\n<p>1. La publicaci\u00f3n digital de <strong>J. Negre C. S.L.<\/strong> tiene por objeto facilitar a los clientes de los productos que distribuye J. Negre y al p\u00fablico en general, la informaci\u00f3n relativa a los servicios que se ofrecen, tarifas, promociones, etc.<\/p>\n\n\n\n<p>2. <strong>J. Negre C., S.L.<\/strong> se reserva la facultad de efectuar, en cualquier momento, modificaciones en la informaci\u00f3n contenida en su publicaci\u00f3n digital, as\u00ed como de suspender su acceso en cualquier momento y sin previo aviso. Sin perjuicio de lo anterior, esta Compa\u00f1\u00eda no se compromete a la actualizaci\u00f3n inmediata de la informaci\u00f3n contenida en la publicaci\u00f3n digital.<\/p>\n\n\n\n<p>3. <strong>J. Negre C., S.L.<\/strong> no asume responsabilidad alguna derivada de los contenidos que terceras partes tengan en los enlaces a los que se hace referencia en estas p\u00e1ginas.<\/p>\n\n\n\n<p>4. <strong>J. Negre C., S.L.<\/strong> no se responsabiliza de cualquier da\u00f1o o perjuicio en el software o hardware del usuario que se derive del acceso a su publicaci\u00f3n digital o del uso de informaci\u00f3n o aplicaciones en ella contenidas.<\/p>\n\n\n\n<p>5. <strong>J. Negre C., S.L.<\/strong>. es titular de todos los derechos sobre esta publicaci\u00f3n digital as\u00ed como de los derechos de propiedad industrial e intelectual referidos a los contenidos que en ella se incluyan, a excepci\u00f3n de los derechos sobre productos y servicios que no son propiedad de esta Compa\u00f1\u00eda, cuyas marcas est\u00e1n registradas a favor de sus respectivos titulares, y como tal son reconocidas por <strong>J. Negre C., S.L.. <\/strong>Ning\u00fan material de la publicaci\u00f3n digital podr\u00e1 ser reproducido, copiado o publicado sin el previo consentimiento por escrito de esta Compa\u00f1\u00eda.<\/p>\n\n\n\n<p>6 .<strong>J. Negre C., S.L.<\/strong> . respetar\u00e1 escrupulosamente la confidencialidad de los datos de car\u00e1cter personal aportados por los visitantes a la publicaci\u00f3n digital, mediante la observancia de la normativa vigente sobre protecci\u00f3n de datos, y entre otras, lo dispuesto en la Ley Org\u00e1nica 15\/1999, de 13 de diciembre, de Protecci\u00f3n de Datos de Car\u00e1cter Personal&#8221;.<\/p>\n\n\n\n<p>7. Toda la informaci\u00f3n que se reciba en estas p\u00e1ginas, tal como comentarios, sugerencias o ideas, se considerar\u00e1 cedida a <strong>J. Negre C., S.L<\/strong>, a t\u00edtulo gratuito. No env\u00ede, por favor, informaci\u00f3n que no pueda ser tratada de esta forma.<\/p>\n\n\n\n<p>8. Todos los productos y servicios de estas p\u00e1ginas que no son propiedad de <strong>J. Negre C., S.L.<\/strong> son marcas registradas de sus respectivos propietarios y son reconocidas como tales por<strong> J. Negre C., S.L.<\/strong> Aparecen en esta publicaci\u00f3n digital a efectos de publicidad y de recopilaci\u00f3n de informaci\u00f3n. Dichos propietarios pueden solicitar la modificaci\u00f3n o eliminaci\u00f3n de la informaci\u00f3n que les concierna. Por otro lado, la aparici\u00f3n de estas terceras marcas no implica necesariamente la recomendaci\u00f3n de las mismas.<\/p>\n\n\n\n<p><strong>Asimismo, le informamos la posibilidad de ejercer los derechos de acceso, rectificaci\u00f3n, oposici\u00f3n, supresi\u00f3n, limitaci\u00f3n y portabilidad de sus datos en el domicilio de J. Negre C., S.L, C\/ Paris 1-7 nave 28 08191 Rub\u00ed (Barcelona), o enviando un correo electr\u00f3nico a la siguiente direcci\u00f3n <u>vendes@jnegre.com<\/u><\/strong><\/p>\n\n\n\n<div style=\"height:100px\" aria-hidden=\"true\" class=\"wp-block-spacer\"><\/div>\n\n\n\n<p><\/p>\n","protected":false},"excerpt":{"rendered":"<p>Por el Real Decreto-Ley 5\/2018 de 27 de Julio, de medidas urgentes para la adaptaci\u00f3n del Derecho espa\u00f1ol a la normativa de la Uni\u00f3n Europea en materia de protecci\u00f3n de datos, de acuerdo con lo establecido en el Reglamento General de Protecci\u00f3n de Datos (UE) 2016\/679 del Parlamento Europeo y del Consejo de 27 de [&hellip;]<\/p>\n","protected":false},"author":2,"featured_media":0,"parent":0,"menu_order":0,"comment_status":"closed","ping_status":"closed","template":"","meta":{"footnotes":""},"class_list":["post-3649","page","type-page","status-publish","hentry"],"yoast_head":"<!-- This site is optimized with the Yoast SEO plugin v27.5 - https:\/\/yoast.com\/product\/yoast-seo-wordpress\/ -->\n<title>Aviso legal | J.Negre | Expertos en Intercambio T\u00e9rmico y Refrigeraci\u00f3n Industrial desde 1978<\/title>\n<meta name=\"robots\" content=\"index, follow, max-snippet:-1, max-image-preview:large, max-video-preview:-1\" \/>\n<link rel=\"canonical\" href=\"https:\/\/jnegre.com\/ca\/aviso-legal\/\" \/>\n<meta property=\"og:locale\" content=\"ca_ES\" \/>\n<meta property=\"og:type\" content=\"article\" \/>\n<meta property=\"og:title\" content=\"Aviso legal | J.Negre | Expertos en Intercambio T\u00e9rmico y Refrigeraci\u00f3n Industrial desde 1978\" \/>\n<meta property=\"og:description\" content=\"Por el Real Decreto-Ley 5\/2018 de 27 de Julio, de medidas urgentes para la adaptaci\u00f3n del Derecho espa\u00f1ol a la normativa de la Uni\u00f3n Europea en materia de protecci\u00f3n de datos, de acuerdo con lo establecido en el Reglamento General de Protecci\u00f3n de Datos (UE) 2016\/679 del Parlamento Europeo y del Consejo de 27 de [&hellip;]\" \/>\n<meta property=\"og:url\" content=\"https:\/\/jnegre.com\/ca\/aviso-legal\/\" \/>\n<meta property=\"og:site_name\" content=\"J.Negre | Expertos en Intercambio T\u00e9rmico y Refrigeraci\u00f3n Industrial desde 1978\" \/>\n<meta property=\"article:modified_time\" content=\"2025-09-17T12:04:16+00:00\" \/>\n<meta property=\"og:image\" content=\"https:\/\/jnegre.com\/wp-content\/uploads\/2020\/08\/jnegre-hospital-universitario-bellvitge-barcelona.jpg\" \/>\n\t<meta property=\"og:image:width\" content=\"840\" \/>\n\t<meta property=\"og:image:height\" content=\"424\" \/>\n\t<meta property=\"og:image:type\" content=\"image\/jpeg\" \/>\n<meta name=\"twitter:card\" content=\"summary_large_image\" \/>\n<meta name=\"twitter:label1\" content=\"Temps estimat de lectura\" \/>\n\t<meta name=\"twitter:data1\" content=\"3 minuts\" \/>\n<script type=\"application\/ld+json\" class=\"yoast-schema-graph\">{\"@context\":\"https:\\\/\\\/schema.org\",\"@graph\":[{\"@type\":\"WebPage\",\"@id\":\"https:\\\/\\\/jnegre.com\\\/ca\\\/aviso-legal\\\/\",\"url\":\"https:\\\/\\\/jnegre.com\\\/ca\\\/aviso-legal\\\/\",\"name\":\"Aviso legal | J.Negre | Expertos en Intercambio T\u00e9rmico y Refrigeraci\u00f3n Industrial desde 1978\",\"isPartOf\":{\"@id\":\"https:\\\/\\\/jnegre.com\\\/ca\\\/#website\"},\"datePublished\":\"2020-08-09T10:30:57+00:00\",\"dateModified\":\"2025-09-17T12:04:16+00:00\",\"breadcrumb\":{\"@id\":\"https:\\\/\\\/jnegre.com\\\/ca\\\/aviso-legal\\\/#breadcrumb\"},\"inLanguage\":\"ca\",\"potentialAction\":[{\"@type\":\"ReadAction\",\"target\":[\"https:\\\/\\\/jnegre.com\\\/ca\\\/aviso-legal\\\/\"]}]},{\"@type\":\"BreadcrumbList\",\"@id\":\"https:\\\/\\\/jnegre.com\\\/ca\\\/aviso-legal\\\/#breadcrumb\",\"itemListElement\":[{\"@type\":\"ListItem\",\"position\":1,\"name\":\"Inicio\",\"item\":\"https:\\\/\\\/jnegre.com\\\/ca\\\/\"},{\"@type\":\"ListItem\",\"position\":2,\"name\":\"Aviso legal\"}]},{\"@type\":\"WebSite\",\"@id\":\"https:\\\/\\\/jnegre.com\\\/ca\\\/#website\",\"url\":\"https:\\\/\\\/jnegre.com\\\/ca\\\/\",\"name\":\"J.Negre | Expertos en Intercambio T\u00e9rmico y Refrigeraci\u00f3n Industrial desde 1978\",\"description\":\"Intercambiadores de placas Sondex, torres de refrigeraci\u00f3n, enfriadoras magn\u00e9ticas y m\u00e1s. Servicio t\u00e9cnico y suministro con m\u00e1s de 30 a\u00f1os de experiencia\",\"publisher\":{\"@id\":\"https:\\\/\\\/jnegre.com\\\/ca\\\/#organization\"},\"potentialAction\":[{\"@type\":\"SearchAction\",\"target\":{\"@type\":\"EntryPoint\",\"urlTemplate\":\"https:\\\/\\\/jnegre.com\\\/ca\\\/?s={search_term_string}\"},\"query-input\":{\"@type\":\"PropertyValueSpecification\",\"valueRequired\":true,\"valueName\":\"search_term_string\"}}],\"inLanguage\":\"ca\"},{\"@type\":\"Organization\",\"@id\":\"https:\\\/\\\/jnegre.com\\\/ca\\\/#organization\",\"name\":\"J. Negre C.\",\"url\":\"https:\\\/\\\/jnegre.com\\\/ca\\\/\",\"logo\":{\"@type\":\"ImageObject\",\"inLanguage\":\"ca\",\"@id\":\"https:\\\/\\\/jnegre.com\\\/ca\\\/#\\\/schema\\\/logo\\\/image\\\/\",\"url\":\"https:\\\/\\\/jnegre.com\\\/wp-content\\\/uploads\\\/2021\\\/05\\\/jnegre-logo-tagline.png\",\"contentUrl\":\"https:\\\/\\\/jnegre.com\\\/wp-content\\\/uploads\\\/2021\\\/05\\\/jnegre-logo-tagline.png\",\"width\":1411,\"height\":380,\"caption\":\"J. Negre C.\"},\"image\":{\"@id\":\"https:\\\/\\\/jnegre.com\\\/ca\\\/#\\\/schema\\\/logo\\\/image\\\/\"}}]}<\/script>\n<!-- \/ Yoast SEO plugin. -->","yoast_head_json":{"title":"Aviso legal | J.Negre | Expertos en Intercambio T\u00e9rmico y Refrigeraci\u00f3n Industrial desde 1978","robots":{"index":"index","follow":"follow","max-snippet":"max-snippet:-1","max-image-preview":"max-image-preview:large","max-video-preview":"max-video-preview:-1"},"canonical":"https:\/\/jnegre.com\/ca\/aviso-legal\/","og_locale":"ca_ES","og_type":"article","og_title":"Aviso legal | J.Negre | Expertos en Intercambio T\u00e9rmico y Refrigeraci\u00f3n Industrial desde 1978","og_description":"Por el Real Decreto-Ley 5\/2018 de 27 de Julio, de medidas urgentes para la adaptaci\u00f3n del Derecho espa\u00f1ol a la normativa de la Uni\u00f3n Europea en materia de protecci\u00f3n de datos, de acuerdo con lo establecido en el Reglamento General de Protecci\u00f3n de Datos (UE) 2016\/679 del Parlamento Europeo y del Consejo de 27 de [&hellip;]","og_url":"https:\/\/jnegre.com\/ca\/aviso-legal\/","og_site_name":"J.Negre | Expertos en Intercambio T\u00e9rmico y Refrigeraci\u00f3n Industrial desde 1978","article_modified_time":"2025-09-17T12:04:16+00:00","og_image":[{"width":840,"height":424,"url":"https:\/\/jnegre.com\/wp-content\/uploads\/2020\/08\/jnegre-hospital-universitario-bellvitge-barcelona.jpg","type":"image\/jpeg"}],"twitter_card":"summary_large_image","twitter_misc":{"Temps estimat de lectura":"3 minuts"},"schema":{"@context":"https:\/\/schema.org","@graph":[{"@type":"WebPage","@id":"https:\/\/jnegre.com\/ca\/aviso-legal\/","url":"https:\/\/jnegre.com\/ca\/aviso-legal\/","name":"Aviso legal | J.Negre | Expertos en Intercambio T\u00e9rmico y Refrigeraci\u00f3n Industrial desde 1978","isPartOf":{"@id":"https:\/\/jnegre.com\/ca\/#website"},"datePublished":"2020-08-09T10:30:57+00:00","dateModified":"2025-09-17T12:04:16+00:00","breadcrumb":{"@id":"https:\/\/jnegre.com\/ca\/aviso-legal\/#breadcrumb"},"inLanguage":"ca","potentialAction":[{"@type":"ReadAction","target":["https:\/\/jnegre.com\/ca\/aviso-legal\/"]}]},{"@type":"BreadcrumbList","@id":"https:\/\/jnegre.com\/ca\/aviso-legal\/#breadcrumb","itemListElement":[{"@type":"ListItem","position":1,"name":"Inicio","item":"https:\/\/jnegre.com\/ca\/"},{"@type":"ListItem","position":2,"name":"Aviso legal"}]},{"@type":"WebSite","@id":"https:\/\/jnegre.com\/ca\/#website","url":"https:\/\/jnegre.com\/ca\/","name":"J.Negre | Expertos en Intercambio T\u00e9rmico y Refrigeraci\u00f3n Industrial desde 1978","description":"Intercambiadores de placas Sondex, torres de refrigeraci\u00f3n, enfriadoras magn\u00e9ticas y m\u00e1s. Servicio t\u00e9cnico y suministro con m\u00e1s de 30 a\u00f1os de experiencia","publisher":{"@id":"https:\/\/jnegre.com\/ca\/#organization"},"potentialAction":[{"@type":"SearchAction","target":{"@type":"EntryPoint","urlTemplate":"https:\/\/jnegre.com\/ca\/?s={search_term_string}"},"query-input":{"@type":"PropertyValueSpecification","valueRequired":true,"valueName":"search_term_string"}}],"inLanguage":"ca"},{"@type":"Organization","@id":"https:\/\/jnegre.com\/ca\/#organization","name":"J. Negre C.","url":"https:\/\/jnegre.com\/ca\/","logo":{"@type":"ImageObject","inLanguage":"ca","@id":"https:\/\/jnegre.com\/ca\/#\/schema\/logo\/image\/","url":"https:\/\/jnegre.com\/wp-content\/uploads\/2021\/05\/jnegre-logo-tagline.png","contentUrl":"https:\/\/jnegre.com\/wp-content\/uploads\/2021\/05\/jnegre-logo-tagline.png","width":1411,"height":380,"caption":"J. Negre C."},"image":{"@id":"https:\/\/jnegre.com\/ca\/#\/schema\/logo\/image\/"}}]}},"_links":{"self":[{"href":"https:\/\/jnegre.com\/ca\/wp-json\/wp\/v2\/pages\/3649","targetHints":{"allow":["GET"]}}],"collection":[{"href":"https:\/\/jnegre.com\/ca\/wp-json\/wp\/v2\/pages"}],"about":[{"href":"https:\/\/jnegre.com\/ca\/wp-json\/wp\/v2\/types\/page"}],"author":[{"embeddable":true,"href":"https:\/\/jnegre.com\/ca\/wp-json\/wp\/v2\/users\/2"}],"replies":[{"embeddable":true,"href":"https:\/\/jnegre.com\/ca\/wp-json\/wp\/v2\/comments?post=3649"}],"version-history":[{"count":2,"href":"https:\/\/jnegre.com\/ca\/wp-json\/wp\/v2\/pages\/3649\/revisions"}],"predecessor-version":[{"id":5084,"href":"https:\/\/jnegre.com\/ca\/wp-json\/wp\/v2\/pages\/3649\/revisions\/5084"}],"wp:attachment":[{"href":"https:\/\/jnegre.com\/ca\/wp-json\/wp\/v2\/media?parent=3649"}],"curies":[{"name":"wp","href":"https:\/\/api.w.org\/{rel}","templated":true}]}}

<p><strong>Por el Real Decreto-Ley 5/2018 de 27 de Julio, de medidas urgentes para la adaptación del Derecho español a la normativa de la Unión Europea en materia de protección de datos, de acuerdo con lo establecido en el Reglamento General de Protección de Datos (UE) 2016/679 del Parlamento Europeo y del Consejo de 27 de abril de 2016, y por la LOPD 3/2018 de 5 de diciembre, y garantía de los derechos digitales, le informamos que sus datos serán tratados con la finalidad de realizar las gestiónes ofertadas por J. Negre C., S.L</strong></p>



<p>La utilización de esta publicación digital implica la aceptación de las siguientes condiciones de uso:</p>



<p>1. La publicación digital de <strong>J. Negre C. S.L.</strong> tiene por objeto facilitar a los clientes de los productos que distribuye J. Negre y al público en general, la información relativa a los servicios que se ofrecen, tarifas, promociones, etc.</p>



<p>2. <strong>J. Negre C., S.L.</strong> se reserva la facultad de efectuar, en cualquier momento, modificaciones en la información contenida en su publicación digital, así como de suspender su acceso en cualquier momento y sin previo aviso. Sin perjuicio de lo anterior, esta Compañía no se compromete a la actualización inmediata de la información contenida en la publicación digital.</p>



<p>3. <strong>J. Negre C., S.L.</strong> no asume responsabilidad alguna derivada de los contenidos que terceras partes tengan en los enlaces a los que se hace referencia en estas páginas.</p>



<p>4. <strong>J. Negre C., S.L.</strong> no se responsabiliza de cualquier daño o perjuicio en el software o hardware del usuario que se derive del acceso a su publicación digital o del uso de información o aplicaciones en ella contenidas.</p>



<p>5. <strong>J. Negre C., S.L.</strong>. es titular de todos los derechos sobre esta publicación digital así como de los derechos de propiedad industrial e intelectual referidos a los contenidos que en ella se incluyan, a excepción de los derechos sobre productos y servicios que no son propiedad de esta Compañía, cuyas marcas están registradas a favor de sus respectivos titulares, y como tal son reconocidas por <strong>J. Negre C., S.L.. </strong>Ningún material de la publicación digital podrá ser reproducido, copiado o publicado sin el previo consentimiento por escrito de esta Compañía.</p>



<p>6 .<strong>J. Negre C., S.L.</strong> . respetará escrupulosamente la confidencialidad de los datos de carácter personal aportados por los visitantes a la publicación digital, mediante la observancia de la normativa vigente sobre protección de datos, y entre otras, lo dispuesto en la Ley Orgánica 15/1999, de 13 de diciembre, de Protección de Datos de Carácter Personal&#8221;.</p>



<p>7. Toda la información que se reciba en estas páginas, tal como comentarios, sugerencias o ideas, se considerará cedida a <strong>J. Negre C., S.L</strong>, a título gratuito. No envíe, por favor, información que no pueda ser tratada de esta forma.</p>



<p>8. Todos los productos y servicios de estas páginas que no son propiedad de <strong>J. Negre C., S.L.</strong> son marcas registradas de sus respectivos propietarios y son reconocidas como tales por<strong> J. Negre C., S.L.</strong> Aparecen en esta publicación digital a efectos de publicidad y de recopilación de información. Dichos propietarios pueden solicitar la modificación o eliminación de la información que les concierna. Por otro lado, la aparición de estas terceras marcas no implica necesariamente la recomendación de las mismas.</p>



<p><strong>Asimismo, le informamos la posibilidad de ejercer los derechos de acceso, rectificación, oposición, supresión, limitación y portabilidad de sus datos en el domicilio de J. Negre C., S.L, C/ Paris 1-7 nave 28 08191 Rubí (Barcelona), o enviando un correo electrónico a la siguiente dirección <u>vendes@jnegre.com</u></strong></p>



<div style="height:100px" aria-hidden="true" class="wp-block-spacer"></div>



<p></p>

<p>Por el Real Decreto-Ley 5/2018 de 27 de Julio, de medidas urgentes para la adaptación del Derecho español a la normativa de la Unión Europea en materia de protección de datos, de acuerdo con lo establecido en el Reglamento General de Protección de Datos (UE) 2016/679 del Parlamento Europeo y del Consejo de 27 de [&hellip;]</p>

<!-- This site is optimized with the Yoast SEO plugin v27.5 - https://yoast.com/product/yoast-seo-wordpress/ -->
<title>Aviso legal | J.Negre | Expertos en Intercambio Térmico y Refrigeración Industrial desde 1978</title>
<meta name="robots" content="index, follow, max-snippet:-1, max-image-preview:large, max-video-preview:-1" />
<link rel="canonical" href="https://jnegre.com/ca/aviso-legal/" />
<meta property="og:locale" content="ca_ES" />
<meta property="og:type" content="article" />
<meta property="og:title" content="Aviso legal | J.Negre | Expertos en Intercambio Térmico y Refrigeración Industrial desde 1978" />
<meta property="og:description" content="Por el Real Decreto-Ley 5/2018 de 27 de Julio, de medidas urgentes para la adaptación del Derecho español a la normativa de la Unión Europea en materia de protección de datos, de acuerdo con lo establecido en el Reglamento General de Protección de Datos (UE) 2016/679 del Parlamento Europeo y del Consejo de 27 de [&hellip;]" />
<meta property="og:url" content="https://jnegre.com/ca/aviso-legal/" />
<meta property="og:site_name" content="J.Negre | Expertos en Intercambio Térmico y Refrigeración Industrial desde 1978" />
<meta property="article:modified_time" content="2025-09-17T12:04:16+00:00" />
<meta property="og:image" content="https://jnegre.com/wp-content/uploads/2020/08/jnegre-hospital-universitario-bellvitge-barcelona.jpg" />
	<meta property="og:image:width" content="840" />
	<meta property="og:image:height" content="424" />
	<meta property="og:image:type" content="image/jpeg" />
<meta name="twitter:card" content="summary_large_image" />
<meta name="twitter:label1" content="Temps estimat de lectura" />
	<meta name="twitter:data1" content="3 minuts" />
<script type="application/ld+json" class="yoast-schema-graph">{"@context":"https:\/\/schema.org","@graph":[{"@type":"WebPage","@id":"https:\/\/jnegre.com\/ca\/aviso-legal\/","url":"https:\/\/jnegre.com\/ca\/aviso-legal\/","name":"Aviso legal | J.Negre | Expertos en Intercambio Térmico y Refrigeración Industrial desde 1978","isPartOf":{"@id":"https:\/\/jnegre.com\/ca\/#website"},"datePublished":"2020-08-09T10:30:57+00:00","dateModified":"2025-09-17T12:04:16+00:00","breadcrumb":{"@id":"https:\/\/jnegre.com\/ca\/aviso-legal\/#breadcrumb"},"inLanguage":"ca","potentialAction":[{"@type":"ReadAction","target":["https:\/\/jnegre.com\/ca\/aviso-legal\/"]}]},{"@type":"BreadcrumbList","@id":"https:\/\/jnegre.com\/ca\/aviso-legal\/#breadcrumb","itemListElement":[{"@type":"ListItem","position":1,"name":"Inicio","item":"https:\/\/jnegre.com\/ca\/"},{"@type":"ListItem","position":2,"name":"Aviso legal"}]},{"@type":"WebSite","@id":"https:\/\/jnegre.com\/ca\/#website","url":"https:\/\/jnegre.com\/ca\/","name":"J.Negre | Expertos en Intercambio Térmico y Refrigeración Industrial desde 1978","description":"Intercambiadores de placas Sondex, torres de refrigeración, enfriadoras magnéticas y más. Servicio técnico y suministro con más de 30 años de experiencia","publisher":{"@id":"https:\/\/jnegre.com\/ca\/#organization"},"potentialAction":[{"@type":"SearchAction","target":{"@type":"EntryPoint","urlTemplate":"https:\/\/jnegre.com\/ca\/?s={search_term_string}"},"query-input":{"@type":"PropertyValueSpecification","valueRequired":true,"valueName":"search_term_string"}}],"inLanguage":"ca"},{"@type":"Organization","@id":"https:\/\/jnegre.com\/ca\/#organization","name":"J. Negre C.","url":"https:\/\/jnegre.com\/ca\/","logo":{"@type":"ImageObject","inLanguage":"ca","@id":"https:\/\/jnegre.com\/ca\/#\/schema\/logo\/image\/","url":"https:\/\/jnegre.com\/wp-content\/uploads\/2021\/05\/jnegre-logo-tagline.png","contentUrl":"https:\/\/jnegre.com\/wp-content\/uploads\/2021\/05\/jnegre-logo-tagline.png","width":1411,"height":380,"caption":"J. Negre C."},"image":{"@id":"https:\/\/jnegre.com\/ca\/#\/schema\/logo\/image\/"}}]}</script>
<!-- / Yoast SEO plugin. -->

Aviso legal | J.Negre | Expertos en Intercambio Térmico y Refrigeración Industrial desde 1978

Por el Real Decreto-Ley 5/2018 de 27 de Julio, de medidas urgentes para la adaptación del Derecho español a la normativa de la Unión Europea en materia de protección de datos, de acuerdo con lo establecido en el Reglamento General de Protección de Datos (UE) 2016/679 del Parlamento Europeo y del Consejo de 27 de [&hellip;]

J.Negre | Expertos en Intercambio Térmico y Refrigeración Industrial desde 1978

Intercambiadores de placas Sondex, torres de refrigeración, enfriadoras magnéticas y más. Servicio técnico y suministro con más de 30 años de experiencia
